01110000001000011 (base 2) in base 4?
33232001003
293ce5 (base 15) to base 10
1987415
-7693a (base 12) to base 15
-31727
1555519 (base 11) to base 6
132542153
Convert -10232334 (base 5) to base 11.
-5a072
What is 3be64 (base 15) in base 10?
192244
Convert -100222100110001 (base 3) to base 2.
-10100001110010101101101
What is 69995 (base 13) in base 5?
22132112
Convert -442a24 (base 11) to base 7.
-6002152
Convert -22336232 (base 7) to base 2.
-111011010001010101011
-106b455 (base 12) to base 2
-1011111100001011000001
-10828589 (base 10) to base 2
-101001010011101100101101
1847a0 (base 12) to base 6
13021120
What is 5603980 (base 10) in base 6?
320040204
Convert 11000101010001 (base 2) to base 15.
3b1a
What is 111101101000000101101 (base 2) in base 14?
3a7ccd
ef08 (base 16) to base 7
343255
Convert -105253121 (base 7) to base 13.
-1430c51
-1064366 (base 9) to base 13
-17137b
-23033111010 (base 4) to base 5
-1223240442
Convert 103310112 (base 5) to base 12.
196ba4
What is -510bd (base 14) in base 6?
-4102423
Convert a5334 (base 11) to base 3.
21210111220
Convert 28255 (base 15) to base 8.
373414
-1111110111011111010 (base 2) to base 4
-1332323322
10000011101100111011 (base 2) to base 14
100843
What is -14102521 (base 6) in base 5?
-110144321
Convert -b5b72 (base 16) to base 5.
-142304211
Convert -2110112221 (base 3) to base 15.
-e597
-102862e (base 16) to base 12
-5810926
Convert 1e88 (base 16) to base 12.
4634
-61875 (base 11) to base 13
-320b7
Convert -311312031 (base 5) to base 14.
-252d91
Convert -55442 (base 9) to base 5.
-2134222
What is 513540 (base 9) in base 6?
10305230
Convert 114910 (base 10) to base 3.
12211121221
What is -425431 (base 8) in base 6?
-3013521
Convert 86998 (base 15) to base 5.
102134133
Convert 6506 (base 9) to base 11.
3660
32030000101 (base 4) to base 15
4d6eaa
Convert 2014232243 (base 5) to base 13.
abcacc
-110022012220 (base 3) to base 15
-4bb5c
102212120010 (base 3) to base 13
824a0
Convert 17138308 (base 9) to base 13.
1a18ba6
What is -35cc6 (base 14) in base 12?
-6411a
11111101010111001110 (base 2) to base 7
11551403
Convert -17340 (base 16) to base 8.
-271500
-1142211 (base 6) to base 2
-1110101011011111
Convert 106925 (base 10) to base 5.
11410200
What is -1021066 (base 7) in base 2?
-11101111111011010
3b540 (base 16) to base 9
410308
11374 (base 9) to base 5
220400
13213112303 (base 4) to base 9
3672252
-80f9b4 (base 16) to base 3
-120220102200202
Convert 1bd5d (base 15) to base 2.
10110001010001011
Convert -11c6c7 (base 14) to base 13.
-184b70
Convert 3441552 (base 6) to base 3.
22222100212
Convert 2b5cc (base 16) to base 2.
101011010111001100
Convert -430540 (base 8) to base 3.
-21022010200
What is 136850 (base 9) in base 8?
243527
Convert -40004603 (base 7) to base 13.
-8b5203
What is -1029343 (base 13) in base 8?
-22552512
Convert -4301415 (base 6) to base 3.
-101200111202
What is bc7081 (base 13) in base 9?
8320783
1365257 (base 8) to base 6
12151103
What is 1859884 (base 11) in base 14?
5bc817
What is 1a92b8 (base 16) in base 7?
20542151
57c7a1 (base 13) to base 10
2084070
What is -411330 (base 5) in base 13?
-60c2
What is -545554 (base 7) in base 11?
-65944
-36126433 (base 7) to base 5
-1304403120
503814 (base 9) to base 6
10220021
What is 3614784 (base 9) in base 6?
105552121
Convert 1100000110100011101101 (base 2) to base 10.
3172589
What is 100213000 (base 5) in base 12?
172303
Convert -326295 (base 10) to base 14.
-86cab
What is 438132 (base 11) in base 4?
2222220303
Convert 104243415 (base 7) to base 5.
3101423402
90930 (base 10) to base 15
1be20
Convert 643481 (base 9) to base 4.
1131202102
Convert 90996 (base 12) to base 6.
4010310
What is -7041055 (base 9) in base 7?
-43564343
Convert 1132033232 (base 4) to base 2.
1011110001111101110
Convert 4a720 (base 11) to base 8.
216047
Convert 202210002012 (base 3) to base 7.
3322334
Convert -c7656 (base 15) to base 16.
-9a6ec
Convert 100011110110000111011100 (base 2) to base 13.
1c400a1
Convert 5b940 (base 13) to base 7.
1301246
-114413034 (base 5) to base 14
-102761
Convert -4c88 (base 15) to base 12.
-9548
What is -18012335 (base 9) in base 15?
-bd952b
Convert 1121013111 (base 4) to base 8.
1310725
What is 111111111111101010 (base 2) in base 6?
5341310
-25063335 (base 9) to base 13
-27057a4
Convert -230131103 (base 4) to base 2.
-101100011101010011
144114320 (base 5) to base 7
6354532
3414512 (base 8) to base 6
31445402
Convert 21924 (base 16) to base 5.
13400013
Convert 201090 (base 11) to base 2.
1001110111111001100
Convert 1242344012 (base 5) to base 3.
12211000101020
-347413 (base 8) to base 11
-81073
Convert -2872 (base 16) to base 15.
-3104
1344166 (base 7) to base 6
3501211
-42522550 (base 7) to base 14
-6a2d97
What is 10011110111011100 (base 2) in base 10?
81372
What is 3da502 (base 16) in base 5?
2013234223
-1434433101 (base 5) to base 8
-16463114
Convert 100100011011011010111101 (base 2) to base 13.
1c947c0
11e1a9 (base 15) to base 16
d1622
What is 5c683 (base 15) in base 7?
2336226
Convert -6212014 (base 8) to base 6.
-55120540
1556042 (base 8) to base 16
6dc22
Convert -3413120301 (base 5) to base 11.
-4298472
What is -1770545 (base 8) in base 11?
-326107
Convert 14433422 (base 5) to base 10.
155487
Convert -a3184 (base 12) to base 4.
-303330310
Convert 13211066 (base 9) to base 16.
633954
Convert -15242154 (base 6) to base 2.
-10000010011110110110
Convert 990dfc (base 16) to base 5.
10031434323
What is -212323203 (base 4) in base 11?
-a9893
-10cac6 (base 14) to base 8
-2136726
Convert -1165160 (base 7) to base 8.
-446214
What is -1051200 (base 6) in base 15?
-10c69
Convert -71afb8 (base 16) to base 14.
-dbd304
What is -3161275 (base 9) in base 2?
-110011101100000000001
What is 1412243 (base 6) in base 2?
10011011011100011
What is -68116 (base 11) in base 9?
-160261
What is -10000101001110111001 (base 2) in base 8?
-2051671
Convert 17550526 (base 8) to base 2.
1111101101000101010110
What is 117730 (base 8) in base 11?
28820
What is 1320030102 (base 4) in base 12?
1b8a96
68464 (base 13) to base 5
22032300
15150015 (base 9) to base 11
4284a31
915173 (base 10) to base 11
575646
be1c (base 15) to base 4
21311232
Convert -2931b (base 15) to base 6.
-2500342
110110111001110000111 (base 2) to base 7
21202015
What is -2579 (base 16) in base 10?
-9593
-1d6e8 (base 15) to base 7
-550040
Convert -251241 (base 9) to base 3.
-21201021101
-d31b (base 15) to base 14
-12360
What is 14bc6 (base 16) in base 14?
22d4a
What is 17614401 (base 8) in base 2?
1111110001100100000001
Convert 22000211112 (base 3) to base 8.
464570
3731036 (base 8) to base 14
1cac22
Convert -17355746 (base 8) to base 5.
-2014211430
What is 18f0d0 (base 16) in base 14?
30794c
What is 1031223301 (base 4) in base 9?
534427
What is 8e4767 (base 16) in base 10?
9324391
Convert 221123031 (base 4) to base 9.
277670
-99078 (base 14) to base 3
-200211021221
What is 31a790 (base 16) in base 6?
153425320
Convert -28282 (base 16) to base 6.
-3305254
What is -743394 (base 14) in base 4?
-32332311112
What is 10c9e2 (base 16) in base 13?
2c6a53
-89104 (base 15) to base 7
-3462661
Convert -201016 (base 9) to base 15.
-2532c
-124585 (base 12) to base 5
-34014122
2211931 (base 13) to base 2
100111110010000001101011
Convert 111011101011110 (base 2) to base 4.
13131132
What is -10678 (base 15) in base 10?
-52088
What is -210010001201211 (base 3) in base 12?
-391147a
1100111110101011010101 (base 2) to base 16
33ead5
Convert -2011001203 (base 5) to base 10.
-4000178
What is 46a55 (base 13) in base 12?
62916
Convert -38843a (base 12) to base 7.
-10610062
What is -1244627 (base 8) in base 11?
-217388
Convert 1add02 (base 15) to base 6.
44044015
Convert -311244011 (base 5) to base 6.
-43154121
-132100 (base 4) to base 8
-3620
Convert 21707471 (base 8) to base 14.
8a1121
Convert -29c39 (base 13) to base 11.
-54372
Convert -331212031 (base 4) to base 3.
-110211002111
Convert -1888000 (base 10) to base 7.
-22022242
Convert d46d (base 14) to base 13.
1383a
What is -11101 (base 9) in base 5?
-213442
Convert -2141234 (base 10) to base 12.
-873182
12100321132 (base 4) to base 7
16646254
What is -2442023404 (base 5) in base 12?
-1b44871
What is 247205 (base 9) in base 8?
444154
Convert -165a (base 16) to base 11